= 3*l - 37 - 7. What is the tens digit of z?
1
Suppose 3*l - 3*d + 19 = -8, l + 29 = 5*d. Let s(c) = c**2 + 4*c + 2. Let n be s(l). What is the units digit of -14*n/4*-1?
7
Let w(n) = 3*n**3 - n**2 + 5*n - 5. What is the hundreds digit of w(5)?
3
Suppose -2*z = -5*z + 24. Suppose 0 = -0*r + r - z. What is the units digit of r?
8
Let a(x) = 3*x**2 - 5*x + 18. What is the units digit of a(4)?
6
Let j(b) = -b + 6. Let y be j(5). Let g be 10*(y - 18/10). Let d(m) = -m**3 - 8*m**2 + 4. What is the units digit of d(g)?
4
Suppose z = -2*z. Let s = z - -4. What is the units digit of s?
4
Let i(h) = -h**3 + 5*h**2 + h - 6. Let n be i(5). Let g = 2 - n. Suppose -3*y = -g, -y + 4 = w + 2*w. What is the units digit of w?
1
Let c(m) be the first derivative of m**4/4 - 3*m**3 + m**2/2 + 12*m - 1. What is the tens digit of c(9)?
2
Let u = -7 + 3. Let o = u - -12. What is the units digit of o?
8
Let h(s) = 3*s - 3. Let g = -5 - -10. Let o = 8 - g. What is the units digit of h(o)?
6
Let w(c) = -14*c - 1. Let k be w(-4). Suppose 0 = -4*b + 13 + k. What is the tens digit of b?
1
Suppose o + o = 16. Let n(p) = 5*p. Let w be n(o). Suppose z = 2*r + 2*r + 19, 4*z - 4*r = w. What is the units digit of z?
7
Suppose -3*f = -8*f + 70. What is the units digit of f?
4
Let h be 32 + (-1)/((-2)/2). Suppose 4*y - h = y. What is the units digit of y?
1
Suppose 3*h = -26 + 2. Let o(k) = -k**2 + 11*k - 10. Let n be o(7). Let q = h + n. What is the units digit of q?
0
Suppose 5*g - 1272 = -3*g. What is the hundreds digit of g?
1
Let q(l) = l**3 + 4*l**2 + l + 4. Let r be q(-4). Suppose -2*o + 5*o - 3 = r. What is the units digit of o?
1
Let h(z) = z**3 - 12*z**2 - 2*z. Let n be h(12). What is the tens digit of (2/1 - n)*1?
2
Let v(p) = -p + 8. Let n be v(-7). Let l = n + -6. What is the units digit of l?
9
Suppose 4*i - d = 247, 0*i - 121 = -2*i + d. Let z = 90 - i. What is the tens digit of z?
2
Suppose -2 + 1 = g. Let a = g - 2. What is the units digit of (-2 - 2) + 3 - a?
2
Let q(j) = -7*j + 5. Let t be q(6). Let g = 69 + t. Suppose -l - 3*l = -g. What is the units digit of l?
8
Let u be (-2)/(-1 + -1) - -10. Suppose 5*o - u - 9 = 0. Suppose -2*k - 4 - 27 = -3*p, -o = -4*k. What is the tens digit of p?
1
Suppose 4*y = -170 + 2. What is the units digit of ((-6)/(-9))/((-4)/y)?
7
Suppose 4*c - 114 = 14. What is the units digit of c?
2
Let d(i) = -9*i - 20. What is the units digit of d(-10)?
0
Suppose -15 = 2*z + 29. Let h(t) = t**2 + 6*t + 2. Let x be h(-4). What is the units digit of z/(-4) - (-3)/x?
5
Suppose 0*i - 6 = -3*i. Suppose -46 + 11 = -i*k - 5*d, 4*d - 38 = -2*k. Suppose -4*w - w = -k. What is the units digit of w?
5
Suppose -2*h + x = -32, 0 = 5*h + 2*x + 2*x - 54. Suppose 0 = -2*m + j - 0 + h, 5*m = 3*j + 36. What is the units digit of m?
6
Let s(p) = p**3 - 2*p**2 - p + 23. What is the units digit of s(0)?
3
Let f(q) = -q**3 - 5*q**2 - 4*q + 3. Let g be f(-4). Suppose 9 = -3*n - 4*b - 2, g*b = -n - 12. What is the units digit of n?
3
Let g(l) = -7*l + 2. Let r be g(1). Let s(m) = -2*m - 7. What is the units digit of s(r)?
3
Let p(y) = 10*y**3 - 3*y**2 + y - 2. What is the units digit of p(2)?
8
Suppose -j - 520 = -6*j. What is the hundreds digit of j?
1
Let i(v) = -23*v. What is the units digit of i(-4)?
2
Suppose 0 = -f + 2*p - 7, 3*p = 9. What is the units digit of f*3/((-3)/35)?
5
What is the tens digit of (-2 + (-3)/(-2))*-114?
5
Let s(k) = 5*k**3 + 7*k**2 - 1. Let y(u) = -u**3 - 2*u**2. Let v(j) = -2*s(j) - 9*y(j). What is the units digit of v(3)?
1
Suppose 3*f = -12, -3*m - 4*f + 5*f + 382 = 0. What is the tens digit of m?
2
Suppose 0*d + d = 4. Suppose -d*j + 2*j = -2*b + 22, j - 21 = -3*b. What is the units digit of b?
8
Suppose -6*q + 4*q = -d + 2, 2 = 4*q + d. Let f(a) = -a + 15. Let w be f(q). Suppose w = 2*k + k. What is the units digit of k?
5
Let l be (-3)/(-5) - 34/(-10). Let a(q) = -q**3 - 3*q**2 - 5. Let w(s) = -s**3 - 3*s**2 - s - 6. Let x(o) = l*a(o) - 3*w(o). What is the units digit of x(-4)?
2
Let o(i) = -i**3 - 3*i**2 - 3. Let c be o(-3). Let m = c + 5. Suppose f - 1 = 0, m*v - 5*f - 16 = 1. What is the units digit of v?
1
Suppose -x - 4*x + 62 = 4*p, 3*p = 9. Suppose 5*d - x = 5. Suppose d*h - 2*o - 20 = h, 3*o + 15 = 0. What is the units digit of h?
5
Let k = -5 + 8. Suppose -2*f + 3*p - 4 = -5, 5*f - 9 = p. Suppose t + k*h - 22 = 8, 65 = 5*t - f*h. What is the tens digit of t?
1
Suppose 25 = b - 4*i + 5*i, 68 = 4*b - 4*i. What is the units digit of b?
1
Let g(v) = -5*v + 1. What is the tens digit of g(-2)?
1
Suppose v - 5*w + 3 = 2, 3*w = -5*v - 33. Let l be (-74)/v - (-3)/(-9). Suppose 3*i - a = 4*a - 1, -4*i + 4*a + l = 0. What is the units digit of i?
8
Suppose 5*u = 2*g + 4 + 5, 4*u - 4*g - 12 = 0. Let l be -1 + 2 - (-2)/u. What is the units digit of 8/1 + -2 + l?
9
Suppose -3*c + 7 = w, 4*c + 2*w - 8 = 4. What is the units digit of c?
1
Let r = -28 - -70. What is the tens digit of r?
4
Let s(f) = f**3 - 4*f**2 + 3*f - 3. Let i be s(2). Let q = i + 9. Suppose 2*v - q*m = v + 20, -5 = -v - m. What is the units digit of v?
8
Let l be ((-2)/1 + -3)/(-1). Suppose l*p + t = 18, -5*p + 3*t - t + 9 = 0. What is the units digit of p?
3
Suppose -5*f - 4*a + 756 = 0, 0*f - 300 = -2*f - a. What is the units digit of f?
8
Suppose 2*z - 870 = -4*z. What is the hundreds digit of z?
1
Let a be (-5)/(-4) + (-3)/12. Let u be -1*(-3 - (1 + a)). Suppose 0 = u*n + k - 37, 0 = 3*n - k + 5*k - 12. What is the units digit of n?
8
Suppose v - 58 = -4*k, 4*v - 175 = 4*k - k. What is the units digit of v?
6
Let c = -4 + 3. Let a = c + 2. What is the units digit of a?
1
Let z be (-2)/(-1) - 4 - 0. What is the units digit of 9*((-8)/(-3) + z)?
6
Let m(t) = -t**3 + 9*t**2 - 9*t + 6. What is the tens digit of m(7)?
4
Let a = -5 - -11. Let f = a - 2. Suppose -f = o - 11. What is the units digit of o?
7
Let z(i) = 2*i. Let o be z(4). Let d = o + 0. Suppose -j = -3*j + d. What is the units digit of j?
4
Let t = 37 + 24. What is the tens digit of t?
6
Let g(u) = u**3 - 5*u**2 + 7*u - 4. What is the units digit of g(4)?
8
Let g = 5 - 4. Let l be 3/(g - 10/4). What is the units digit of l/7 + 93/7?
3
Let o = -11 - 3. Let a = -9 - o. Suppose -a*t - 2*j = -j - 73, 39 = 3*t + 3*j. What is the units digit of t?
5
Let m(q) = q**2 - q - 3. Let o be m(0). Let y(t) = t - 4. Let d(u) = 3*u - 8. Let s(g) = -4*d(g) + 9*y(g). What is the units digit of s(o)?
5
Suppose -3*l + 3 - 7 = d, 3*d = 2*l - 12. Suppose -w = -g - l + 2, g = -w. What is the units digit of -1*(-2 - w)*1?
1
Suppose 5*t = 2*t - 138. What is the units digit of t/(-10) + 8/20?
5
Suppose 7*o - 2*o + 5*y = 0, 2*y - 10 = 0. Let p be 30*o/((-75)/6). Suppose -24 = -4*q + p. What is the units digit of q?
9
Suppose -5*z = -n - 33, 6*n - 3*n + 99 = z. Let r(j) = -j**3 - 5*j**2 + 3*j - 5. Let p be r(-5). Let f = p - n. What is the units digit of f?
3
Suppose 4*z - 190 - 384 = 5*y, 4*z = -4*y + 592. What is the hundreds digit of z?
1
Let z(f) = 8*f + 18. What is the units digit of z(8)?
2
Suppose -3*g + 5*w - 2*w = -12, 0 = 4*g - 5*w - 16. Let n(k) = 4*k + 1. What is the units digit of n(g)?
7
Let l = -3 + 13. What is the units digit of l?
0
Let m(u) = -u - 5 - u**2 - u - 33*u**3 - u + 3. What is the units digit of m(-1)?
3
What is the units digit of 84/8*4*1?
2
Suppose -o - 455 = 4*o - 2*y, -y = 0. What is the units digit of 1/(-2) - o/2?
5
Let b(y) = 5*y - 9. Let f(u) = -6*u + 10. Let m(s) = 4*b(s) + 3*f(s). What is the units digit of m(9)?
2
Let k(f) = f**3 - 7*f**2 + 8*f - 5. Let b be k(6). Let a be (-2)/12 + b/6. What is the units digit of (a - 3/(-1))/1?
4
Suppose -4*w + 5*y = w - 145, w + 3*y - 13 = 0. What is the units digit of w?
5
Let g = 9 - 5. Let s be (56/(-35))/(g/(-10)). What is the units digit of (28/8)/(2/s)?
7
Suppose 13*r - 327 = 10*r. What is the tens digit of r?
0
Suppose x - 2*y - 5 = 17, 2*x + 4*y - 12 = 0. What is the units digit of x/4 + 4/8?
4
Let f = -23 - -13. Let q = 15 + f. What is the units digit of q?
5
Suppose 3*v = 4*v - 4. Suppose -18 = -v*t - s + 3*s, -5*t + 3*s + 24 = 0. Suppose w + 5*d = t*w - 15, w - 4*d = 0. What is the units digit of w?
0
Let h be -1 + 4 - (-5 + -2). Let q = 13 + h. What is the units digit of q?
3
Suppose -4*m - 12 = -2*m. What is the tens digit of (1*-1)/(m/108)